culate the greatest common divisor of 250 and j.
10
Let s be (935/30)/(5 - 29/6). What is the highest common factor of s and 459?
17
Suppose 5*i - 16*g - 304 = -14*g, 4*g - 172 = -3*i. Calculate the highest common factor of i and 220.
20
Let f be (888/(-90) - -10) + 418/15. What is the highest common divisor of 4 and f?
4
Suppose -7*b + 1989 = 1884. Calculate the greatest common factor of b and 540.
15
Let z(u) be the first derivative of u**4/4 + 3*u**3 + 9*u**2/2 + 22. Let i be z(-7). Calculate the highest common factor of 7 and i.
7
Suppose -2*y + 3*a = -160, 0*y - 5*a - 318 = -4*y. Calculate the highest common divisor of y and 77.
77
Suppose -4*n + 5 = -15, -85 = -g - 2*n. Let l(i) = i**2 + 14*i - 12. Let u be l(-11). Let b = u - -75. What is the greatest common factor of g and b?
15
Let i = 14 - 12. Suppose 0 = 5*h + 3*g + g + 22, i*g = -5*h - 16. Let m be 2 + (h + 1 - -4). Calculate the greatest common factor of 35 and m.
5
Let q be 2 - (4/8)/((-1)/6). Suppose m = -q, 2*m - 3*m = -4*r + 165. Calculate the highest common factor of r and 5.
5
Suppose -10*i = -11*i - 1. Let p be ((-4)/6)/(i/18). Calculate the highest common divisor of 36 and p.
12
Let c be (-16)/6*(26 + -29). Calculate the highest common divisor of 44 and c.
4
Let n(a) = 42*a - 105. Let d be n(19). Calculate the greatest common divisor of 126 and d.
63
Let d(r) = 0*r + 13 - 2 + r - 2. Let i be d(-4). Suppose -3*s + z - i*z = -24, -3*s + z = -39. Calculate the highest common factor of 24 and s.
12
Let o(p) = 24*p + 174. Let x be o(9). Calculate the highest common divisor of x and 30.
30
Suppose -41 = -4*z + 5*y, 0 = 4*z - 0*y + 2*y - 34. Let v be ((-54)/z)/((-3)/50). Let i be v/26 - 6/(-39). Calculate the greatest common divisor of i and 28.
4
Suppose -l + 4 = 2. Let o be ((-1)/l)/(6/(-336)). What is the highest common divisor of 70 and o?
14
Suppose 0*v + 4 = v. Suppose 0*o = 2*o + 2, -v*c - o + 3 = 0. Let f = 7 - c. What is the greatest common factor of 54 and f?
6
Suppose -r - 1 = 4. Let u be 4/r*(-33 - 2). Suppose 3*n - u = 5*y, 3*n = 5*n - y - 21. Calculate the highest common divisor of n and 11.
11
Let v(s) = 17*s - 16*s**2 + 17*s**2 + 17 + 1. Let g be v(-16). Let i be 7/g + (-9)/(-18). What is the greatest common divisor of i and 36?
4
Suppose -4*i + 10 + 6 = 0. Suppose -h = 1 - 2, -i*h + 124 = 3*m. Calculate the highest common factor of m and 10.
10
Suppose -8 + 24 = 2*n. Suppose -k + n = 2*b, 0 = -3*b + 6*b. What is the greatest common factor of k and 72?
8
Let r(n) = -n**3 - 3*n**2 - 6*n - 68. Let l be r(-5). Suppose -3*i + 4*q = -27, i + 36 = 5*i + q. Calculate the highest common factor of l and i.
3
Suppose 4*a - a + 105 = 0. Let n = a - -44. Let k = 74 + -38. What is the highest common divisor of k and n?
9
Suppose -3*y = -5*b + 111, 0 = -b - b - 5*y + 32. Suppose 0 = -9*h + 13*h + 416. Let j = h - -111. What is the highest common factor of b and j?
7
Suppose 7*p - 161 = 623. Calculate the highest common divisor of 48 and p.
16
Let l(v) = 52*v**2 - 4*v + 2. Let i be l(2). Let x = 22 + -17. Suppose 0 = -x*w + 78 + i. What is the highest common factor of w and 8?
8
Let r = -6 - -9. Let p(i) = 6*i + 9 - 4*i - i**r - 2*i - i. Let j be p(0). Calculate the greatest common divisor of 72 and j.
9
Let p = -26 + 26. Suppose p = 4*i + i - 70. Calculate the highest common factor of i and 14.
14
Let w(z) = 8*z - 3. Let p be w(4). Let i = -1598 - -1830. What is the greatest common divisor of i and p?
29
Let p = 685 - 605. Calculate the highest common divisor of p and 400.
80
Let j(q) = -14*q - 83. Let b be j(-7). Calculate the greatest common divisor of 25 and b.
5
Let n = -193 - -301. Let t = n + -94. Calculate the greatest common divisor of 7 and t.
7
Let n be (-10)/(1 - 10/6). Suppose -821 = -5*j - 296. What is the highest common factor of n and j?
15
Let k be -1 + (-1 - -1 - -19). Let f(x) = 0 + 2 + k*x + 4. Let s be f(5). Calculate the greatest common factor of s and 32.
32
Let h(s) = -s**3 - 8*s**2 - 15*s - 21. Let a be h(-6). Let t = a - -12. What is the highest common factor of t and 99?
9
Let d(y) = -16*y. Let b = -9 + 4. Let m be d(b). Suppose 3*k - m = -k. What is the highest common factor of k and 5?
5
Suppose 37*t - 110 = 2258. Calculate the greatest common factor of t and 832.
64
Let y = 516 - 412. What is the highest common factor of y and 3328?
104
Suppose -3*s + 2*x + 14 = -494, 4*x - 160 = -s. Calculate the highest common factor of 21 and s.
21
Let f(z) = 26*z**2 - 2*z + 1. Let w be f(1). Let g = 151 - 101. What is the greatest common factor of g and w?
25
Let z(a) = -a**2 - 12*a - 16. Let h be z(-9). Suppose 27 = 4*i + h. What is the highest common factor of i and 8?
4
Suppose 0*j + 4*j - 2*l = 1598, -3*l = j - 417. What is the highest common divisor of j and 6?
6
Let j(f) = f**2 + 2. Let a be j(3). Let y = 2021 + -1867. Calculate the greatest common divisor of a and y.
11
Suppose 832*m - 660 = 827*m. What is the greatest common factor of 88 and m?
44
Let q be 4743/155 - (2 - 7/5). Suppose -155 = -3*z - 4*h - 0*h, 3*h = -12. Let u = z - 27. Calculate the greatest common factor of q and u.
30
Let a = -379 - -389. What is the greatest common factor of a and 5?
5
Suppose 4*q - f - 160 = -30, 3*q = f + 97. Suppose q = 19*g - 43. What is the greatest common factor of 44 and g?
4
Let j = 12 - 9. Suppose -j*t + 10 = -56. What is the greatest common factor of t and 220?
22
Let u = -49 + 89. Calculate the greatest common factor of 160 and u.
40
Let g = -795 - -1387. Calculate the highest common divisor of 222 and g.
74
Suppose 4*o + 8487 = 13*o. Calculate the greatest common divisor of o and 23.
23
Let x(c) be the second derivative of c**4/2 - c**3/3 - c**2 + 2*c - 13. Let q be x(-2). Calculate the highest common divisor of 2 and q.
2
Suppose 160 = 2*b - b. Let n = -31 - -33. Suppose 0*o - n*o = -b. Calculate the greatest common factor of 10 and o.
10
Let r be 7790/15 - (-4)/6*1. Calculate the highest common factor of r and 65.
65
Suppose 4*k - 2*f + 86 = -0*f, -5*f + 5 = 0. Let c = k - -34. Calculate the highest common factor of c and 13.
13
Let u(q) = 58*q + 756. Let b be u(-12). What is the greatest common divisor of 276 and b?
12
Let h = -1459 - -2122. Calculate the highest common factor of h and 117.
39
Let a be 2/(-20)*-5*-194. Let f = a + 438. What is the greatest common divisor of f and 31?
31
Suppose -v - 4 = -z - 10, 0 = 4*z + 16. Suppose 4*h + v*u = -58, 8*u + 74 = -5*h + 5*u. Let o = 22 + h. Calculate the greatest common factor of 36 and o.
9
Suppose -2*c = -4, -286 = -2*u + 5*c - 100. What is the highest common divisor of 14 and u?
14
Suppose 3*d - 88 = -i - 21, i - 2*d - 87 = 0. Calculate the greatest common factor of i and 1580.
79
Let t = -2 + 19. Let s = 19 - t. Suppose 4*l - 14 = s*l. Calculate the greatest common factor of 14 and l.
7
Let z(r) = 50*r - 244. Let t be z(8). What is the highest common divisor of t and 728?
52
Let r(u) = -u**3 + 12*u**2 + 4*u + 43. Let k be r(12). What is the greatest common factor of k and 52?
13
Suppose 4*a - 23 - 409 = 0. Calculate the highest common factor of a and 60.
12
Let l(r) = -r**2 - 11*r - 10. Let j be l(-7). Let q be (1188/(-154))/(2 + 69/168*-5). What is the highest common divisor of q and j?
18
Suppose -262 = -4*s - 2*q, 32*q = -3*s + 34*q + 193. Calculate the greatest common factor of s and 39.
13
Let b(t) = -t**2 + 4*t + 16. Let q(a) = 4*a**2 - 4*a - 2. Let u be q(-1). Let v be b(u). What is the highest common factor of v and 6?
2
Let m(n) = n**3 - 13*n**2 - 16*n + 34. Let d be m(14). Let l(f) = f + 7. Let o be l(-5). Calculate the highest common factor of o and d.
2
Suppose 0*s = 4*s - 180. Let q = -94 - -132. Suppose 4*g = -4*u + 50 + q, -3*u = 4*g - 84. What is the highest common divisor of g and s?
9
Suppose -29*i + 25*i + 552 = 0. Let n = -92 + i. Calculate the highest common divisor of n and 368.
46
Let u(k) = k**2. Let x be u(3). Let j be 20/2 - (-3 + (-12)/(-3)). What is the highest common divisor of j and x?
9
Suppose 8 = u + u, 5*u - 215 = 5*b. Let l be b/9*1*(-5 - -2). What is the greatest common divisor of 104 and l?
13
Let b = 43 + 17. Let r = b + -40. Let c(u) = u**3 + 5*u**2 - 2*u + 4. Let s be c(4). What is the greatest common divisor of s and r?
20
Let a(u) = -u**3 - 22*u**2 + 48*